{"id":255,"date":"2017-11-01T15:46:31","date_gmt":"2017-11-01T15:46:31","guid":{"rendered":"http:\/\/filippepecas.com.br\/?post_type=product&#038;p=255"},"modified":"2017-11-01T15:52:48","modified_gmt":"2017-11-01T15:52:48","slug":"gerador-lintec-g6500","status":"publish","type":"product","link":"https:\/\/filippepecas.com.br\/index.php\/produto\/gerador-lintec-g6500\/","title":{"rendered":"Gerador LINTEC G6500"},"content":{"rendered":"<p>Pot\u00eancia Cont\u00ednua (W):\u00a06300<br \/>\nMotor:\u00a0GASOLINA<br \/>\nMotor:\u00a0G390<\/p>\n<p>Bom para uso em consult\u00f3rio m\u00e9dico ou dent\u00e1rio, posto de gasolina, ordenhadeira, resfriadora de leite.<\/p>\n","protected":false},"excerpt":{"rendered":"<p>Pot\u00eancia Cont\u00ednua (W):\u00a06300 Motor:\u00a0GASOLINA Motor:\u00a0G390 Bom para uso em consult\u00f3rio m\u00e9dico ou dent\u00e1rio, posto de gasolina, ordenhadeira, resfriadora de leite.<\/p>\n","protected":false},"featured_media":257,"comment_status":"open","ping_status":"closed","template":"","meta":[],"product_cat":[1083],"product_tag":[],"_links":{"self":[{"href":"https:\/\/filippepecas.com.br\/index.php\/wp-json\/wp\/v2\/product\/255"}],"collection":[{"href":"https:\/\/filippepecas.com.br\/index.php\/wp-json\/wp\/v2\/product"}],"about":[{"href":"https:\/\/filippepecas.com.br\/index.php\/wp-json\/wp\/v2\/types\/product"}],"replies":[{"embeddable":true,"href":"https:\/\/filippepecas.com.br\/index.php\/wp-json\/wp\/v2\/comments?post=255"}],"wp:featuredmedia":[{"embeddable":true,"href":"https:\/\/filippepecas.com.br\/index.php\/wp-json\/wp\/v2\/media\/257"}],"wp:attachment":[{"href":"https:\/\/filippepecas.com.br\/index.php\/wp-json\/wp\/v2\/media?parent=255"}],"wp:term":[{"taxonomy":"product_cat","embeddable":true,"href":"https:\/\/filippepecas.com.br\/index.php\/wp-json\/wp\/v2\/product_cat?post=255"},{"taxonomy":"product_tag","embeddable":true,"href":"https:\/\/filippepecas.com.br\/index.php\/wp-json\/wp\/v2\/product_tag?post=255"}],"curies":[{"name":"wp","href":"https:\/\/api.w.org\/{rel}","templated":true}]}}