{"id":7189,"date":"2024-02-16T13:38:48","date_gmt":"2024-02-16T13:38:48","guid":{"rendered":"https:\/\/filippepecas.com.br\/?post_type=product&#038;p=7189"},"modified":"2024-02-16T18:54:42","modified_gmt":"2024-02-16T18:54:42","slug":"valvula-solenoide-12v-secao-braco-ext-219002018-original-randon","status":"publish","type":"product","link":"https:\/\/filippepecas.com.br\/index.php\/produto\/valvula-solenoide-12v-secao-braco-ext-219002018-original-randon\/","title":{"rendered":"V\u00e1lvula Solen\u00f3ide 12v Se\u00e7\u00e3o Bra\u00e7o Ext 219002018 original Randon"},"content":{"rendered":"","protected":false},"excerpt":{"rendered":"","protected":false},"featured_media":7194,"comment_status":"closed","ping_status":"closed","template":"","meta":[],"product_cat":[48],"product_tag":[4558,4559],"_links":{"self":[{"href":"https:\/\/filippepecas.com.br\/index.php\/wp-json\/wp\/v2\/product\/7189"}],"collection":[{"href":"https:\/\/filippepecas.com.br\/index.php\/wp-json\/wp\/v2\/product"}],"about":[{"href":"https:\/\/filippepecas.com.br\/index.php\/wp-json\/wp\/v2\/types\/product"}],"replies":[{"embeddable":true,"href":"https:\/\/filippepecas.com.br\/index.php\/wp-json\/wp\/v2\/comments?post=7189"}],"wp:featuredmedia":[{"embeddable":true,"href":"https:\/\/filippepecas.com.br\/index.php\/wp-json\/wp\/v2\/media\/7194"}],"wp:attachment":[{"href":"https:\/\/filippepecas.com.br\/index.php\/wp-json\/wp\/v2\/media?parent=7189"}],"wp:term":[{"taxonomy":"product_cat","embeddable":true,"href":"https:\/\/filippepecas.com.br\/index.php\/wp-json\/wp\/v2\/product_cat?post=7189"},{"taxonomy":"product_tag","embeddable":true,"href":"https:\/\/filippepecas.com.br\/index.php\/wp-json\/wp\/v2\/product_tag?post=7189"}],"curies":[{"name":"wp","href":"https:\/\/api.w.org\/{rel}","templated":true}]}}