{"id":8343,"date":"2024-11-19T02:15:38","date_gmt":"2024-11-19T02:15:38","guid":{"rendered":"https:\/\/filippepecas.com.br\/?post_type=product&#038;p=8343"},"modified":"2024-11-19T02:15:39","modified_gmt":"2024-11-19T02:15:39","slug":"escavadeira-hidraulica-lonking-cdm6150","status":"publish","type":"product","link":"https:\/\/filippepecas.com.br\/index.php\/produto\/escavadeira-hidraulica-lonking-cdm6150\/","title":{"rendered":"Escavadeira hidr\u00e1ulica Lonking CDM6150"},"content":{"rendered":"<ul>\n<li>Escavadeira Hidr\u00e1ulica CDM6150<\/li>\n<li>Capacidade 0,67 m\u00b3<\/li>\n<li>Peso operacional 14.000 kg<\/li>\n<li>Pot\u00eancia 74 kW &#8211; 99,2 hp<\/li>\n<li>Motor Cummins<\/li>\n<li>Motor de giro, bomba e v\u00e1lvula principal Kawasaki<\/li>\n<li>Cabine com ar condicionado<\/li>\n<li>F\u00e1cil manuten\u00e7\u00e3o<\/li>\n<\/ul>\n","protected":false},"excerpt":{"rendered":"<p>Escavadeira Hidr\u00e1ulica CDM6150 Capacidade 0,67 m\u00b3 Peso operacional 14.000 kg Pot\u00eancia 74 kW &#8211; 99,2 hp Motor Cummins Motor de giro, bomba e v\u00e1lvula principal Kawasaki Cabine com ar condicionado F\u00e1cil manuten\u00e7\u00e3o<\/p>\n","protected":false},"featured_media":8344,"comment_status":"closed","ping_status":"closed","template":"","meta":[],"product_cat":[36],"product_tag":[5744,5745,5743],"_links":{"self":[{"href":"https:\/\/filippepecas.com.br\/index.php\/wp-json\/wp\/v2\/product\/8343"}],"collection":[{"href":"https:\/\/filippepecas.com.br\/index.php\/wp-json\/wp\/v2\/product"}],"about":[{"href":"https:\/\/filippepecas.com.br\/index.php\/wp-json\/wp\/v2\/types\/product"}],"replies":[{"embeddable":true,"href":"https:\/\/filippepecas.com.br\/index.php\/wp-json\/wp\/v2\/comments?post=8343"}],"wp:featuredmedia":[{"embeddable":true,"href":"https:\/\/filippepecas.com.br\/index.php\/wp-json\/wp\/v2\/media\/8344"}],"wp:attachment":[{"href":"https:\/\/filippepecas.com.br\/index.php\/wp-json\/wp\/v2\/media?parent=8343"}],"wp:term":[{"taxonomy":"product_cat","embeddable":true,"href":"https:\/\/filippepecas.com.br\/index.php\/wp-json\/wp\/v2\/product_cat?post=8343"},{"taxonomy":"product_tag","embeddable":true,"href":"https:\/\/filippepecas.com.br\/index.php\/wp-json\/wp\/v2\/product_tag?post=8343"}],"curies":[{"name":"wp","href":"https:\/\/api.w.org\/{rel}","templated":true}]}}