{"id":8350,"date":"2024-11-19T02:23:34","date_gmt":"2024-11-19T02:23:34","guid":{"rendered":"https:\/\/filippepecas.com.br\/?post_type=product&#038;p=8350"},"modified":"2024-11-19T02:23:34","modified_gmt":"2024-11-19T02:23:34","slug":"mini-escavadeira-hidraulica-cdm6016","status":"publish","type":"product","link":"https:\/\/filippepecas.com.br\/index.php\/produto\/mini-escavadeira-hidraulica-cdm6016\/","title":{"rendered":"Mini Escavadeira Hidr\u00e1ulica CDM6016"},"content":{"rendered":"<ul>\n<li>Mini Escavadeira Hidr\u00e1ulica Lonking, modelo CDM6016<\/li>\n<li>Capacidade 0,04 m\u00b3<\/li>\n<li>Peso operacional 1.700 kg<\/li>\n<li>Pot\u00eancia 9,8 kW &#8211; 13,1 hp<\/li>\n<li>Linha hidr\u00e1ulica auxiliar<\/li>\n<li>Motor Kubota<\/li>\n<li>Baixo ru\u00eddo e baixa emiss\u00e3o<\/li>\n<li>Esteira de a\u00e7o ou borracha<\/li>\n<li>F\u00e1cil manuten\u00e7\u00e3o<\/li>\n<\/ul>\n","protected":false},"excerpt":{"rendered":"<p>Mini Escavadeira Hidr\u00e1ulica Lonking, modelo CDM6016 Capacidade 0,04 m\u00b3 Peso operacional 1.700 kg Pot\u00eancia 9,8 kW &#8211; 13,1 hp Linha hidr\u00e1ulica auxiliar Motor Kubota Baixo ru\u00eddo e baixa emiss\u00e3o Esteira de a\u00e7o ou borracha F\u00e1cil manuten\u00e7\u00e3o<\/p>\n","protected":false},"featured_media":8351,"comment_status":"closed","ping_status":"closed","template":"","meta":[],"product_cat":[36],"product_tag":[5751,5743,1026,5750],"_links":{"self":[{"href":"https:\/\/filippepecas.com.br\/index.php\/wp-json\/wp\/v2\/product\/8350"}],"collection":[{"href":"https:\/\/filippepecas.com.br\/index.php\/wp-json\/wp\/v2\/product"}],"about":[{"href":"https:\/\/filippepecas.com.br\/index.php\/wp-json\/wp\/v2\/types\/product"}],"replies":[{"embeddable":true,"href":"https:\/\/filippepecas.com.br\/index.php\/wp-json\/wp\/v2\/comments?post=8350"}],"wp:featuredmedia":[{"embeddable":true,"href":"https:\/\/filippepecas.com.br\/index.php\/wp-json\/wp\/v2\/media\/8351"}],"wp:attachment":[{"href":"https:\/\/filippepecas.com.br\/index.php\/wp-json\/wp\/v2\/media?parent=8350"}],"wp:term":[{"taxonomy":"product_cat","embeddable":true,"href":"https:\/\/filippepecas.com.br\/index.php\/wp-json\/wp\/v2\/product_cat?post=8350"},{"taxonomy":"product_tag","embeddable":true,"href":"https:\/\/filippepecas.com.br\/index.php\/wp-json\/wp\/v2\/product_tag?post=8350"}],"curies":[{"name":"wp","href":"https:\/\/api.w.org\/{rel}","templated":true}]}}