{"id":8376,"date":"2024-11-23T11:49:07","date_gmt":"2024-11-23T11:49:07","guid":{"rendered":"https:\/\/filippepecas.com.br\/?post_type=product&#038;p=8376"},"modified":"2024-11-23T11:49:07","modified_gmt":"2024-11-23T11:49:07","slug":"empilhadeira-diesel-lonking-fd30t-com-caixa-de-cambio-manual","status":"publish","type":"product","link":"https:\/\/filippepecas.com.br\/index.php\/produto\/empilhadeira-diesel-lonking-fd30t-com-caixa-de-cambio-manual\/","title":{"rendered":"Empilhadeira Diesel Lonking FD30T com caixa de c\u00e2mbio manual"},"content":{"rendered":"<ul>\n<li>Duplex 3.500 mm ou triplex 4.500 mm<\/li>\n<li>Outras alturas, sob consulta<\/li>\n<li>Capacidade 3.000 kg<\/li>\n<li>Peso operacional. 4.220 kg<\/li>\n<li>C\u00e2mbio manual para opera\u00e7\u00e3o severas<\/li>\n<li>Pot\u00eancia 40 kW -53,6 hp<\/li>\n<li>Motor Xinchai C490BPG<\/li>\n<\/ul>\n","protected":false},"excerpt":{"rendered":"<p>Duplex 3.500 mm ou triplex 4.500 mm Outras alturas, sob consulta Capacidade 3.000 kg Peso operacional. 4.220 kg C\u00e2mbio manual para opera\u00e7\u00e3o severas Pot\u00eancia 40 kW -53,6 hp Motor Xinchai C490BPG<\/p>\n","protected":false},"featured_media":8377,"comment_status":"closed","ping_status":"closed","template":"","meta":[],"product_cat":[36],"product_tag":[22,5793,5792,5743],"_links":{"self":[{"href":"https:\/\/filippepecas.com.br\/index.php\/wp-json\/wp\/v2\/product\/8376"}],"collection":[{"href":"https:\/\/filippepecas.com.br\/index.php\/wp-json\/wp\/v2\/product"}],"about":[{"href":"https:\/\/filippepecas.com.br\/index.php\/wp-json\/wp\/v2\/types\/product"}],"replies":[{"embeddable":true,"href":"https:\/\/filippepecas.com.br\/index.php\/wp-json\/wp\/v2\/comments?post=8376"}],"wp:featuredmedia":[{"embeddable":true,"href":"https:\/\/filippepecas.com.br\/index.php\/wp-json\/wp\/v2\/media\/8377"}],"wp:attachment":[{"href":"https:\/\/filippepecas.com.br\/index.php\/wp-json\/wp\/v2\/media?parent=8376"}],"wp:term":[{"taxonomy":"product_cat","embeddable":true,"href":"https:\/\/filippepecas.com.br\/index.php\/wp-json\/wp\/v2\/product_cat?post=8376"},{"taxonomy":"product_tag","embeddable":true,"href":"https:\/\/filippepecas.com.br\/index.php\/wp-json\/wp\/v2\/product_tag?post=8376"}],"curies":[{"name":"wp","href":"https:\/\/api.w.org\/{rel}","templated":true}]}}